41*c + 42696. What is l(-1708)?
-4
Let w(u) = 139*u**2 + 778*u + 1552. Give w(-2).
552
Let a(n) = -215*n**2 + 17199*n + 9. Calculate a(80).
-71
Let x(i) = -i**3 + 59*i**2 - 457*i - 2. Give x(10).
328
Let n(i) = 219*i + 7440. Give n(-34).
-6
Let v(z) = -24*z**2 - 778*z + 2395. What is v(3)?
-155
Let o(j) = 327*j - 10862. What is o(32)?
-398
Let i(t) = -530*t + 411. Calculate i(1).
-119
Let y(t) = -t**2 - 193*t - 7953. Give y(-84).
1203
Let a(l) = -11*l**2 + 1274*l - 22. Determine a(116).
-254
Let n(t) = t**3 - 77*t**2 + 1448*t - 80. Give n(32).
176
Let c(z) = 1258*z - 129048. Calculate c(103).
526
Let l(o) = -4*o**3 + 905*o**2 + 643*o + 8602. What is l(227)?
-24
Let y(d) = -15*d**3 - 12*d**2 - 40*d - 60. Determine y(-2).
92
Let v(y) = -y**2 - 659*y + 15693. Determine v(23).
7
Let v(l) = l**2 - 326*l + 21272. Give v(90).
32
Let x(o) = -24523*o - 2403237. Determine x(-98).
17
Let h(s) = 3*s**2 + 298*s + 3622. What is h(-82)?
-642
Let d(x) = 15*x**3 - 4*x + 7. Calculate d(1).
18
Let a(r) = r**2 - 72*r + 90. Give a(-5).
475
Let g(m) = 1003*m + 19052. Calculate g(-19).
-5
Let n(a) = -362*a + 12070. Determine n(35).
-600
Let t(u) = u**3 + 569*u**2 + 250*u - 501209. Determine t(-567).
19
Let s(v) = -537*v**3 + 33*v**2 + 7*v - 6. Calculate s(1).
-503
Let t(u) = -1610*u**2 + 8069*u + 9. Give t(5).
104
Let i(s) = 8*s**2 - 3938*s + 58234. Give i(477).
40
Let q(s) = -321*s + 35228. Give q(110).
-82
Let j(u) = 1852*u - 3686. What is j(2)?
18
Let t(j) = 1489*j - 20825. Calculate t(14).
21
Let c(h) = -h**2 + 611*h - 20208. Give c(35).
-48
Let l(g) = -g**2 + 343*g - 11557. What is l(40)?
563
Let v(p) = p**3 + p**2 - 2534*p - 10092. Give v(-4).
-4
Let h(t) = -21150*t + 296105. Calculate h(14).
5
Let c(u) = -24*u**2 + 2615*u - 2479. Calculate c(108).
5
Let g(r) = -r**2 + 1181*r - 10621. Give g(9).
-73
Let x(k) = 134*k**3 + 8*k**2 - 26*k + 3. Calculate x(-3).
-3465
Let b(a) = -33*a**2 - 403*a - 1. What is b(-13)?
-339
Let f(t) = 253814*t - 1269050. Calculate f(5).
20
Let o(p) = 10*p**2 - 221*p - 160. Calculate o(30).
2210
Let u(s) = s**3 + 8*s**2 + 23565*s + 164908. Calculate u(-7).
2
Let a(t) = -2*t**3 + 395*t**2 - 179*t - 3461. What is a(197)?
85
Let u(d) = d**3 + 2*d**2 - 8250*d + 24699. Calculate u(3).
-6
Let w(y) = -y**2 + 64*y + 22092. Determine w(184).
12
Let b(u) = 2196*u + 136144. Calculate b(-62).
-8
Let a(n) = -68*n**2 - 29273*n - 72315. Calculate a(-428).
17
Let x(p) = -250*p - 181255. Determine x(-725).
-5
Let s(b) = -52388*b + 2566996. Give s(49).
-16
Let q(a) = 2*a**2 - 4205*a - 175847. Determine q(-41).
-80
Let v(x) = 5*x**3 - 14*x**2 - 2861*x + 8626. What is v(3)?
52
Let c(d) = 17*d**3 - 235*d**2 - 3055*d - 60. Determine c(22).
6
Let m(b) = -113387*b + 1700814. Give m(15).
9
Let c(j) = -49*j**2 - 356*j + 2128. Give c(7).
-2765
Let w(u) = 11491*u + 114879. What is w(-10)?
-31
Let g(z) = 971*z + 6015. What is g(-6)?
189
Let b(u) = -6*u**3 - 2044*u**2 + 2741*u + 1703. Calculate b(-342).
-7
Let i(y) = y**2 - 1093*y + 17192. What is i(16)?
-40
Let s(u) = -5*u**3 + 392*u**2 - 43*u - 8817. Calculate s(78).
-3
Let l(y) = -y**2 - 730*y - 39572. What is l(-59)?
17
Let u(x) = 4*x**2 - 112*x - 37640. Give u(-84).
-8
Let w(c) = -1635*c + 6479. Calculate w(4).
-61
Let s(l) = 200688*l - 1003416. Calculate s(5).
24
Let k(c) = -310*c + 3254. Calculate k(9).
464
Let h(f) = 9*f**2 + 620*f + 628. Give h(-71).
1977
Let v(j) = -2*j**2 + 2989*j - 38877. What is v(13)?
-358
Let o(y) = -y**2 + 503*y - 47293. Determine o(125).
-43
Let f(r) = -1185*r + 422701. Give f(357).
-344
Let u(f) = -2*f**3 + 703*f**2 - 22617*f - 3564. Determine u(36).
0
Let x(m) = -m**2 + 2195*m + 236608. Calculate x(-103).
-86
Let y(l) = 11*l**2 - 23*l + 249. Give y(10).
1119
Let z(a) = a**2 - 668*a + 98110. Calculate z(450).
10
Let z(l) = 56*l - 1655. Determine z(29).
-31
Let o(u) = -605*u + 8503. Determine o(14).
33
Let q(d) = -1314*d - 3376. What is q(-5)?
3194
Let c(l) = -81*l + 4572. What is c(51)?
441
Let y(c) = 982*c - 222921. Give y(227).
-7
Let n(v) = 2*v**3 + 52*v**2 - 6385*v + 303. What is n(-71)?
-52
Let z(n) = -n**2 + 10570*n - 73942. Determine z(7).
-1
Let l(w) = -10177*w - 193372. Calculate l(-19).
-9
Let s(h) = 1547*h - 37680. Calculate s(27).
4089
Let p(s) = -6178*s - 203861. Give p(-33).
13
Let h(p) = -2*p**2 + 424*p + 100665. Calculate h(354).
129
Let n(d) = -79635*d + 7485697. What is n(94)?
7
Let s(c) = 227*c - 23197. Calculate s(103).
184
Let i(b) = 2*b**3 - 74*b**2 + 34*b + 195. What is i(36)?
-1173
Let o(m) = m**2 - 1298*m + 320880. Determine o(332).
168
Let o(r) = -r**2 - 212*r - 8336. Determine o(-160).
-16
Let p(w) = 3*w**2 + 74*w - 601. Give p(-28).
-321
Let c(w) = -6*w**2 - 33*w - 289. Give c(-13).
-874
Let z(m) = 2*m**3 - 614*m**2 + 1049*m + 52117. Calculate z(305).
-38
Let w(l) = -3467*l + 367482. What is w(106)?
-20
Let c(n) = -2*n**3 + 26*n**2 + 52*n - 83. Calculate c(11).
973
Let w(m) = 5329*m + 730060. Calculate w(-137).
-13
Let z(b) = b**3 - 83*b**2 - 191*b + 2193. Determine z(85).
408
Let i(y) = 241*y**2 + 2162*y - 35. Give i(-9).
28
Let v(c) = -4*c**3 + 323*c**2 - 1441*c - 249. Give v(76).
-21
Let a(o) = -1751*o + 26655. Calculate a(15).
390
Let j(p) = 25*p**2 - 2785*p + 133. Give j(110).
-3717
Let n(z) = 2*z**3 + 701*z**2 + 1833*z + 32333. Calculate n(-348).
-31
Let d(h) = 96833*h + 193693. Determine d(-2).
27
Let d(v) = -v**3 + 13*v**2 + 414*v - 337. Give d(27).
635
Let a(j) = 89*j - 2428. Determine a(15).
-1093
Let c(j) = -8*j**2 - 2176*j + 15289. Give c(7).
-335
Let h(p) = 3*p**3 + 20*p**2 - 491*p - 19. Give h(10).
71
Let j(f) = 37139*f + 8393405. Give j(-226).
-9
Let p(v) = 4202*v - 96805. Determine p(23).
-159
Let i(j) = -960*j + 60236. What is i(63)?
-244
Let k(n) = 14*n**2 - 46001*n + 91982. Give k(2).
36
Let l(n) = -166*n**2 - 181*n + 290. Give l(-2).
-12
Let x(i) = -i**3 + 206*i**2 - 223*i - 37748. Calculate x(204).
-8
Let q(f) = 4*f**2 + 13512*f - 94703. What is q(7)?
77
Let k(v) = 669342*v - 25434981. Give k(38).
15
Let c(w) = 99*w**2 - 792*w - 92. What is c(9)?
799
Let u(m) = -6914*m - 7452. Determine u(-1).
-538
Let t(n) = -n**3 - 805*n**2 + 9709*n - 77622. Give t(-817).
-7
Let s(v) = -558256*v - 1674759. Give s(-3).
9
Let l(h) = -12*h**3 + 494*h**2 + 33*h - 4681. What is l(41)?
34
Let k(m) = -4*m**3 - 33*m**2 + 316*m + 2967. Give k(-10).
507
Let u(a) = a**3 + 23*a**2 + 153*a + 2136. What is u(-20)?
276
Let n(q) = 32*q**2 + 321*q + 679. What is n(-6)?
-95
Let f(g) = -16*g**2 + 2001*g - 307. Give f(125).
-182
Let j(g) = 247395*g - 1484401. Give j(6).
-31
Let p(h) = 79*h**2 - 188*h + 1. What is p(3)?
148
Let z(c) = -5*c**3 + 160*c**2 - 1240*c + 481. Give z(12).
1
Let q(d) = -15*d**3 + 389*d**2 + 36*d - 246. What is q(26)?
14
Let t(g) = g**2 + 1613*g - 264152. Determine t(151).
2212
Let j(p) = 159*p + 47225. Give j(-297).
2
Let t(r) = 116*r - 9927. Calculate t(78).
-879
Let f(y) = -15*y**3 + 132*y**2 + 1370*y + 208. Give f(-6).
-20
Let m(o) = 559*o**2 + 8379*o - 118. Give m(-15).
-28
Let i(t) = -t**3 + 45*t**2 - 436*t - 16. What is i(14)?
-44
Let l(d) = 3624*d - 134046. Calculate l(37).
42
Let a(n) = -n**2 - 196*n - 7447. Determine a(-142).
221
Let o(p) = -3*p**2 + 603*p - 24598. Determine o(144).
26
Let o(n) = 11*n**3 + 146*n**2 - 121*n - 30. Determine o(-14).
96
Let g(h) = 5*h**2 - 624*h - 40369. Calculate g(-47).
4
Let m(t) = 1075*t - 179553. Give m(167).
-28
Let y(l) = 7*l**3 - 575*l**2 + 72*l - 403. Calculate y(82).
-1223
Let l(h) = -52871*h - 3859586. Determine l(-73).
-3
Let p(a) = -a**3 - 186*a**2 - 5738*a - 647. Give p(-147).
88
Let r(i) = 6*i**3 + 122*i**2 - 685*i - 14510. Determine r(-20).
-10
Let f(w) = -2*w**3 + 89*w**2 + 980*w - 30920. Calculate f(48).
-8
Let v(g) = -437112*g + 26. What is v(0)?
26
Let i(k) = -15785*k + 15781. What is i(1)?
-4
Let k(f) = 559*f + 11515. Determine k(-27).
-3578
Let o(d) = -3294*d - 23122. Determine o(-7).
-64
Let h(r) = 607*r - 57095. What is h(94)?
-37
Let j(g) = 25*g**2 - 2981*g + 50096. Calculate j(99).
2
Let r(d) = -14*d**2 + 1427*d - 4152. Determine r(3).
3
Let x(a) = 2425*a + 169631. What is x(-70)?
-119
Let a(m) = -3*m**3 + 50*m**2 - 4199*m + 87980. Give a(20).
0
Let z(t) = t**2 + 3333*t + 59587. What is z(-18)?
-83
Let f(t) = -276*t + 55492. Calculate f(198).
844
Let f(p) = 7*p**3 + 581*p**2 